+ 5. Suppose -y*s + 140 = 5*q, 4*q = 3*s + 118 + 22. Calculate the remainder when q is divided by 11.
10
Let f = 3 + 1. Suppose 0 = -5*g - 3*x + 21, -g + 3*x - f*x + 5 = 0. Suppose 26*m + 102 = 43*m. What is the remainder when m is divided by g?
0
Suppose 0 = 5*n + 4*b - 5*b - 75, 0 = b + 5. What is the remainder when 49 is divided by n?
7
Let f(u) = 3*u**2 + 1 - 1 + 3*u - 2*u**2. Calculate the remainder when f(-6) is divided by 10.
8
Let o = 11 - 6. Let h = -12 - -16. Suppose k + 2*z + z - h = 0, -4*k - z + 16 = 0. What is the remainder when o is divided by k?
1
Suppose d - 39 = -t, 5*t + 3*d - 181 = 5*d. Let b = t + -6. Suppose -5*z - c = 25 - 80, -33 = -3*z + c. What is the remainder when b is divided by z?
9
Let o be 7/2*(3 + -17). Let z = -32 - o. Suppose -3*l + 27 = -5*m, 3*l - 10 = -m + z. Calculate the remainder when 17 is divided by l.
8
Let b(w) = -3*w**2 - 2*w - 1. Let j be b(-1). Calculate the remainder when 63 is divided by 16 + j + (-1 - -3).
15
Suppose 3*v - 8*v = -3*n - 228, -2*n = v - 43. Calculate the remainder when v is divided by 16.
13
Let p(m) = 23*m**3 + 2*m**2 - 3*m + 1. Calculate the remainder when 44 is divided by p(1).
21
Suppose 0 = -3*p + t + 19, -t - t = -4*p + 24. Let h = 15 - p. What is the remainder when h is divided by 3?
2
Calculate the remainder when 144 is divided by 1/(4 + (1 - (-1220)/(-245))).
46
Suppose 0 = -6*s + 153 + 39. What is the remainder when s is divided by 11?
10
Let n = -151 + 180. What is the remainder when 82 is divided by n?
24
Suppose 2*l - 40 = 5*m, m = 4*l + 4*m - 28. Calculate the remainder when 32 is divided by l.
2
Let k = -48 + 56. What is the remainder when 28 is divided by k?
4
Let n(c) = c + 33. What is the remainder when 72 is divided by n(-8)?
22
Let w = -108 - -128. What is the remainder when 177 is divided by w?
17
Let b(t) = t**3 - 14*t**2 + 14*t - 8. Calculate the remainder when 74 is divided by b(13).
4
Let v(u) = -u + 5. Let w be v(0). Suppose 0 = -4*s + 7 - 7. Let m = w + s. What is the remainder when m is divided by 3?
2
Let y = 4 + -9. Let x(t) = t**3 + 7*t**2 + 7*t. What is the remainder when x(y) is divided by 8?
7
Let y(l) = l**2 - l - 5. Let d(v) = 4*v**3 - v + 1. Calculate the remainder when y(4) is divided by d(1).
3
Let r = -88 - -148. Let m be r/(-2 + 1 - -2). Suppose 2*o + m = 4*o. Calculate the remainder when o is divided by 16.
14
Let h be (-46)/4*(0 - -2). Let c = 40 + h. Calculate the remainder when 33 is divided by c.
16
Let m(q) = q + 10. Calculate the remainder when 942/24 + 2/(-8) is divided by m(0).
9
Suppose -3*b = -5*c - 93, -3*b + 120 = c + 3*c. Let h = b + 1. What is the remainder when h is divided by 13?
11
What is the remainder when (73 - -2)/3 + -1 is divided by (16/8)/((-2)/(-13))?
11
Let k = 44 + -41. What is the remainder when 6 is divided by k?
0
Let p(a) = a**2 - a - 3. Suppose -22*j - 16 = -18*j. Calculate the remainder when p(j) is divided by 6.
5
Let f be (-2 + 7)*(2 - -2). Let r = f + -7. Calculate the remainder when r is divided by 5.
3
Let y(k) = -2*k. Suppose -5*x + 2*w = -0 - 71, 0 = 3*x + 2*w - 49. What is the remainder when x is divided by y(-4)?
7
Let p(z) = z**2 - 7*z + 4. Let b be p(6). Calculate the remainder when 45 is divided by (-2)/2 + b + 26.
22
Let s = -1 + -2. Let n be 2/s + (-24)/(-9). Suppose -n*u = -5*g - 19 + 2, -4*g = -5*u + 51. Calculate the remainder when u is divided by 4.
3
Suppose 2*s = -s + 12. Suppose s*a - a = -4*p + 183, 3*a = -3*p + 186. Suppose 0 = -5*x + 210 + a. Calculate the remainder when x is divided by 19.
17
Suppose -3*u + 63 = 6*u. Calculate the remainder when 40 is divided by u.
5
Suppose -3*v + 249 = -0*u + 3*u, -3*v = u - 91. Calculate the remainder when u is divided by 24.
7
Suppose 0 = -h - g - 3, 6*h + 4 = 3*h + 2*g. What is the remainder when -155*((-4)/10 + 0) is divided by (-5 - h)/((-1)/7)?
20
Suppose 5*m - 11 = 3*j + 2, 3*j - 2 = 2*m. Suppose 3*z = -2*z + 45. Calculate the remainder when z is divided by m.
4
Let b(p) = p**2 + p - 1. Suppose -2*y = -6*o + 3*o - 20, 5*y - 76 = o. What is the remainder when b(5) is divided by y?
13
Suppose -6*w + 4 = -8*w. Let p = 0 + -2. Calculate the remainder when 2 + p + w + 23 is divided by 8.
5
Suppose 0 = 3*g - 11 - 10. Let u = 6 + g. Let r(i) = 8*i - 2. What is the remainder when r(5) is divided by u?
12
Let k(n) = -3*n - 21. Calculate the remainder when k(-12) is divided by 4.
3
Suppose -4 = -2*y + 10. Suppose 0 = -6*l + l + 100. Suppose 3*a = l + 13. Calculate the remainder when a is divided by y.
4
Let x(m) = -4*m - 20. Calculate the remainder when x(-8) is divided by 8.
4
Let j(o) = -o**3 - 6*o**2 + 6*o - 1. Let t be j(-7). Suppose 4*r - 30 = t. What is the remainder when 24 is divided by r?
6
Let j(w) = 3*w - 16. Calculate the remainder when 13 is divided by j(7).
3
Suppose l - 30 - 1 = 0. What is the remainder when l is divided by 8?
7
Suppose v = -4*v + 25. What is the remainder when 7 is divided by v?
2
Let s(v) = v**3 + 4*v**2 - 8*v - 7. Let t = -17 + 12. Calculate the remainder when 23 is divided by s(t).
7
Suppose 3*c + 6 = -2*j + 24, 2*c = -4*j + 20. Suppose -137 = -5*o + f - 41, j*o = f + 58. What is the remainder when 56 is divided by o?
18
What is the remainder when 14 is divided by 8*(-3 - 1)/(-4)?
6
Let l(t) = t - 3. Let q be l(5). Suppose i + q*i = 3. Suppose 4*s + 96 = 5*b, 0 = -b - 5*s - 3 - i. Calculate the remainder when 30 is divided by b.
14
Let j(n) = -7*n**2 - 3*n + 2. Let d be j(4). Let l = 8 - -14. Calculate the remainder when l is divided by d/(-10) + (-2)/10.
10
Suppose -2*k + 0*k - 16 = 0. Let v = -17 - k. What is the remainder when 11 is divided by ((-6)/v)/((-3)/(-18))?
3
Let x(y) = y**3 - 11*y**2 - y + 16. Let d be x(11). Suppose -9 = d*i - 79. Calculate the remainder when i is divided by 8.
6
Suppose 3*f = -3*h + 72, 0 = -6*h + h + 5. What is the remainder when f is divided by 6?
5
Suppose -5*u = 2*x - 33, 3*u - 45 - 9 = -5*x. Let o(i) = 0*i**2 - 2*i**2 + i**2 - 1 + x*i. Calculate the remainder when o(4) is divided by 10.
9
Suppose -1 = -2*h + 3*h - v, 3*v + 9 = -h. Calculate the remainder when 10 is divided by (-4)/(22/(-6) - h).
4
Let g = -3 - -5. Suppose 2*n = -5*z + 22, -2*n + 6 = -g*z - 16. What is the remainder when 43 is divided by n?
10
Let q(w) = -w**2 - 4*w - 3. Let a be q(-3). Let d(v) = 6 - 4*v**2 + v**3 + a*v**2 - 4*v + 4*v**2 + 10*v**2. What is the remainder when d(-10) is divided by 24?
22
Let u(f) = -4*f**3 + 2*f**2 + 4*f + 5. Let s(j) = 3*j**3 - j**2 - 3*j - 4. Let r(v) = -6*s(v) - 5*u(v). What is the remainder when r(4) is divided by 19?
17
Let d be 9/(-36) - 90/(-8). Let w = d + -9. Suppose -4*p - 58 = -w*v, 3*v - 8*v + 2*p + 129 = 0. Calculate the remainder when v is divided by 7.
4
Suppose 0 = -2*k + 64 - 22. Calculate the remainder when k is divided by (12/8)/3*22.
10
Let g = -20 - -36. Suppose 0 = -4*n + 3*y - 20 - 12, 0 = 2*n + y + g. What is the remainder when 23 is divided by 3/(3*(-1)/n)?
7
Let z(i) = 9*i**2 + i - 1. What is the remainder when 62 is divided by z(1)?
8
Calculate the remainder when 195 is divided by (132/(-24))/(1/(-6)).
30
Let k = 27 - 15. Let h = 82 + -49. Calculate the remainder when h is divided by k.
9
Suppose -2*y - 202 = -4*f, -227 = -2*f - 2*f - 3*y. Let n = f + -13. What is the remainder when n is divided by 14?
12
Let y be (-10)/(-4) + 1/2. Suppose 14 + 46 = y*v. Calculate the remainder when v is divided by 11.
9
Let a(w) = 12*w + 3. Let c be a(3). Suppose -c + 5 = -2*l. Calculate the remainder when 48 is divided by l.
14
Let y(s) = -8*s - 2. Let m = -10 + 7. What is the remainder when y(m) is divided by 12?
10
Let c = 46 + -31. What is the remainder when 25 is divided by c?
10
Suppose -c - 4 - 2 = -2*a, c = 0. What is the remainder when 15 is divided by (-4)/(-3)*18/a?
7
Suppose 3 = -0*n + n. Suppose -5*f = -10, 2*b + 0*b + n*f - 18 = 0. What is the remainder when 16 is divided by b?
4
Let x(v) = v**2 - 3*v + 2. What is the remainder when x(-5) is divided by 9?
6
Let f(t) = 5*t**3 - 2*t**2 + 2*t - 3. Let v be f(2). Suppose -5*p + 75 = -5. Let n = v - p. What is the remainder when 49 is divided by n?
15
Let v(p) = -p**3 - p**2 - p + 2. Let l be v(0). Suppose 45 + 55 = l*x. Calculate the remainder when x is divided by 17.
16
Suppose 0*r + 4 = -r. Let p = 23